051 (base 6) in base 10?
5431
Convert 110033 (base 7) to base 15.
5a72
16165 (base 7) to base 3
20020201
-530 (base 9) to base 8
-660
Convert 13265 (base 10) to base 13.
6065
Convert 333 (base 15) to base 3.
222210
What is 1231 (base 7) in base 5?
3323
What is 215423 (base 6) in base 7?
103506
Convert -117861 (base 9) to base 11.
-49724
1222102 (base 3) to base 16
5a2
What is 3882 (base 13) in base 6?
101133
What is 2592 (base 12) in base 5?
114121
Convert 120301 (base 7) to base 13.
9b98
What is -2867 (base 9) in base 12?
-1307
What is -1011021 (base 3) in base 4?
-31030
Convert 161 (base 11) to base 13.
116
What is 75a1 (base 11) in base 7?
41152
Convert -163 (base 14) to base 6.
-1151
What is -3ca1 (base 14) in base 9?
-15636
Convert -a470 (base 11) to base 10.
-13871
Convert -3421 (base 8) to base 6.
-12213
-280 (base 14) to base 6
-2200
What is -2112210 (base 3) in base 13?
-acb
Convert -1b9 (base 14) to base 10.
-359
-504515 (base 7) to base 9
-140452
15a2 (base 14) to base 6
25522
-2b14 (base 12) to base 9
-6837
1798 (base 12) to base 2
101100100100
1081 (base 12) to base 11
140a
What is 1454 (base 6) in base 11?
329
Convert -46353 (base 7) to base 3.
-121020210
What is 1110100101 (base 2) in base 4?
32211
What is -740 (base 8) in base 2?
-111100000
Convert 4602 (base 8) to base 3.
10100011
What is -3eb (base 15) in base 10?
-896
475c (base 13) to base 16
2740
What is 154 (base 13) in base 5?
1423
-19a (base 15) to base 9
-451
What is -1002112010 (base 3) in base 10?
-21522
What is -75203 (base 8) in base 16?
-7a83
Convert -185 (base 15) to base 7.
-1010
Convert 18a6 (base 11) to base 3.
10022110
Convert 4346 (base 7) to base 11.
1192
Convert -20001100 (base 4) to base 9.
-50047
What is -2b3 (base 16) in base 3?
-221121
What is 1001100000 (base 2) in base 7?
1526
What is 11101000111 (base 2) in base 11?
1444
Convert 42043 (base 5) to base 3.
10210201
What is -561b (base 14) in base 11?
-10235
Convert -90 (base 16) to base 12.
-100
Convert 200221010 (base 3) to base 4.
3113220
553 (base 10) to base 11
463
What is 369c (base 16) in base 5?
421410
Convert -4bec (base 16) to base 13.
-8b01
Convert 906c (base 15) to base 10.
30477
565 (base 12) to base 13
494
Convert 378 (base 10) to base 6.
1430
What is 584 (base 10) in base 15?
28e
What is -c9 (base 14) in base 5?
-1202
Convert -2433 (base 6) to base 11.
-4a3
-117c1 (base 13) to base 4
-13311202
-2c (base 16) to base 14
-32
22130 (base 6) to base 14
119c
Convert 3462 (base 8) to base 16.
732
-145040 (base 7) to base 10
-28154
Convert -133021 (base 4) to base 15.
-8cd
Convert -1796 (base 13) to base 7.
-13133
What is -10001 (base 5) in base 10?
-626
-102110 (base 3) to base 11
-261
Convert -13204 (base 8) to base 5.
-141024
-6588 (base 10) to base 6
-50300
1243012 (base 5) to base 6
310341
Convert 224c (base 13) to base 7.
16661
What is -2760 (base 9) in base 3?
-2212000
-45 (base 13) to base 14
-41
Convert -1332031 (base 4) to base 11.
-6083
51 (base 11) to base 15
3b
-110111 (base 4) to base 5
-20201
Convert -a3b7 (base 13) to base 6.
-252431
Convert a5 (base 16) to base 2.
10100101
ab (base 16) to base 8
253
What is 42a (base 11) in base 6?
2220
Convert -24103 (base 6) to base 15.
-1080
What is -2304133 (base 5) in base 10?
-41168
16169 (base 12) to base 14
b5bb
What is -111323 (base 7) in base 14?
-7283
3639a (base 11) to base 14
15137
What is 2302 (base 5) in base 9?
403
Convert -19a4 (base 13) to base 16.
-f0c
-230a9 (base 13) to base 16
-f96c
What is -1199 (base 13) in base 6?
-15312
Convert 130203 (base 5) to base 4.
1032331
What is -1111001111 (base 2) in base 12?
-693
What is -13166 (base 7) in base 12?
-205b
Convert -3201 (base 5) to base 9.
-523
Convert -4332 (base 7) to base 6.
-11050
Convert -8 (base 16) to base 5.
-13
Convert -206a (base 12) to base 2.
-110111010010
Convert 204211 (base 5) to base 7.
25562
What is -332 (base 9) in base 3?
-101002
Convert 8594 (base 10) to base 11.
6503
74a (base 11) to base 13
544
Convert -2026 (base 9) to base 14.
-77c
-804 (base 12) to base 7
-3241
Convert 98 (base 15) to base 10.
143
What is -2000220 (base 3) in base 8?
-2712
What is -2c4 (base 13) in base 3?
-200110
-8320 (base 12) to base 9
-21526
Convert -1143 (base 10) to base 5.
-14033
Convert 233 (base 9) to base 7.
363
What is 113534 (base 6) in base 4?
2123002
Convert -a594 (base 16) to base 2.
-1010010110010100
Convert 22202111 (base 3) to base 6.
45321
-111101000 (base 2) to base 16
-1e8
-22307 (base 8) to base 4
-2103013
Convert -13890 (base 10) to base 5.
-421030
Convert -50162 (base 10) to base 7.
-266150
What is 1096 (base 10) in base 4?
101020
-1570 (base 12) to base 4
-213210
What is 130202 (base 5) in base 15?
176c
Convert 1101111 (base 2) to base 10.
111
What is -16406 (base 8) in base 9?
-11165
Convert 11124 (base 5) to base 13.
489
What is 50e7 (base 15) in base 6?
211044
Convert -2a4 (base 12) to base 3.
-120021
-79a6 (base 12) to base 9
-20480
173bd (base 14) to base 16
e40b
Convert 10010000110000 (base 2) to base 6.
110520
-16307 (base 8) to base 2
-1110011000111
-8842 (base 15) to base 10
-28862
11011011110001 (base 2) to base 15
427a
What is 131434 (base 6) in base 10?
12046
Convert -9a68 (base 11) to base 14.
-4b95
Convert -33331 (base 4) to base 11.
-849
Convert -1313 (base 6) to base 15.
-173
What is b59 (base 15) in base 14?
d0b
46105 (base 11) to base 15
14b51
Convert 3626 (base 10) to base 3.
11222022
2020121000 (base 3) to base 10
44172
-66c7 (base 15) to base 8
-52433
-221 (base 4) to base 5
-131
What is -97 (base 13) in base 9?
-147
-1020200 (base 3) to base 8
-1615
11030 (base 4) to base 3
110022
-6527 (base 11) to base 15
-284a
Convert -112310 (base 7) to base 6.
-232452
Convert -854 (base 16) to base 15.
-972
Convert -613 (base 9) to base 16.
-1f2
6323 (base 8) to base 9
4447
What is 1510 (base 6) in base 8?
622
Convert 67137 (base 8) to base 10.
28255
20123 (base 5) to base 9
1681
ae6 (base 16) to base 5
42130
What is -622 (base 16) in base 12?
-aaa
Convert 122212 (base 4) to base 15.
787
-1026 (base 7) to base 16
-16b
Convert -14706 (base 9) to base 3.
-111210020
Convert af2 (base 16) to base 6.
20550
Convert -363 (base 16) to base 9.
-1163
-41300 (base 7) to base 12
-5a12
-5079 (base 13) to base 9
-16176
What is 1539 (base 10) in base 4?
120003
What is -128b (base 14) in base 13?
-1639
-1434 (base 7) to base 10
-564
-104cb (base 16) to base 7
-365434
Convert -644 (base 13) to base 7.
-3056
Convert 806 (base 14) to base 7.
4406
5153 (base 6) to base 5
14044
What is -2012022 (base 3) in base 13?
-962
Convert -31442 (base 5) to base 6.
-13454
What is 2431 (base 15) in base 16?
1e10
Convert 1200211 (base 3) to base 14.
645
What is 341 (base 6) in base 2?
10000101
What is -24 (base 6) in base 11?
-15
Convert d8be (base 16) to base 8.
154276
Convert -60c2 (base 14) to base 4.
-10003322
What is 26a4 (base 12) in base 7?
15646
Convert -678 (base 15) to base 12.
-a1b
What is 1229 (base 11) in base 16?
644
What is -187 (base 16) in base 6?
-1451
Convert 9d4 (base 15) to base 2.
100010110000
-9bc4 (base 13) to base 15
-66cc
What is -2010011 (base 3) in base 5?
-22133
Convert 1010111000 (base 2) to base 9.
853
40423 (base 5) to base 4
220311
Convert -4d82 (base 15) to base 11.
-11483
153 (base 6) to base 3
2120
Convert 421320 (base 6) to base 7.
201135
What is -2013023 (base 4) in base 13?
-3c26
bb8 (base 14) to base 13
1094
-15111 (base 6) to base 12
-1497
What is -241445 (base 6) in base 16?
-5285
6100 (base 10) to base 11
4646
21312221 (base 4) to base 11
28362
120022 (base 3) to base 6
1525
What is -66413 (base 9) in base 4?
-22300230
5105 (base 6) to base 11
92a
What is a9 (base 16) in base 4?
2221
7d6 (base 15) to base 2
11011110000
-1141251 (base 6) to base 3
-10001012211
Convert -1551 (base 8) to base 6.
-4013
Convert 82692 (base 10) to base 12.
3ba30
331 (base 11) to base 5
3042
-c8 (base 13) to base 16
-a4
-2056 (base 14) to base 4
-1112330
Convert -101102 (base 3) to base 5.
-2111
-254554 (base 6) to base 11
-163aa
Convert -112011112 (base 3) to base 14.
-3a9a
Convert -20755 (base 11) to base 2.
-111010111101101
What is 111101001111 (base 2) in base 12?
2327
Convert 229a (base 13) to base 15.
168e
What is 277 (base 16) in base 3?
212101
What is -